is the highest common divisor of 122 and 976?
122
Calculate the highest common divisor of 5145 and 135.
15
Calculate the highest common factor of 250 and 50.
50
Calculate the greatest common factor of 15705 and 45.
45
Calculate the greatest common divisor of 29860 and 20.
20
Calculate the highest common factor of 65 and 125.
5
What is the highest common divisor of 170 and 68?
34
Calculate the highest common divisor of 45 and 2133.
9
Calculate the greatest common factor of 448 and 256.
64
What is the highest common divisor of 5109 and 39?
39
What is the highest common factor of 110 and 50?
10
What is the greatest common factor of 252 and 5166?
126
What is the highest common divisor of 76 and 684?
76
What is the greatest common divisor of 13 and 416?
13
Calculate the greatest common divisor of 26 and 286.
26
What is the highest common factor of 440 and 15?
5
Calculate the highest common divisor of 22 and 31262.
22
What is the highest common divisor of 252 and 12?
12
What is the highest common divisor of 9396 and 928?
116
Calculate the highest common divisor of 74 and 9953.
37
Calculate the highest common factor of 25910 and 10.
10
What is the greatest common factor of 7353 and 513?
171
Calculate the greatest common factor of 321 and 2354.
107
What is the highest common factor of 23 and 87469?
23
Calculate the highest common divisor of 14 and 119.
7
What is the highest common divisor of 6 and 19?
1
Calculate the highest common factor of 50 and 17125.
25
What is the greatest common factor of 195 and 3165?
15
Calculate the greatest common divisor of 2449 and 217.
31
What is the greatest common divisor of 28 and 63?
7
Calculate the highest common factor of 2 and 334.
2
Calculate the highest common divisor of 1206 and 335.
67
Calculate the greatest common divisor of 38 and 4.
2
Calculate the greatest common factor of 132 and 66.
66
What is the highest common divisor of 333 and 74?
37
What is the highest common factor of 14287 and 7?
7
Calculate the greatest common divisor of 6 and 579.
3
Calculate the greatest common factor of 1975 and 869.
79
Calculate the greatest common factor of 129600 and 192.
192
Calculate the greatest common factor of 1863 and 276.
69
Calculate the highest common divisor of 896 and 7.
7
Calculate the highest common divisor of 357 and 21.
21
What is the highest common divisor of 10 and 1010?
10
What is the highest common factor of 348 and 24?
12
Calculate the greatest common factor of 58 and 986.
58
What is the greatest common divisor of 33 and 528?
33
Calculate the greatest common factor of 90 and 180.
90
What is the greatest common factor of 2700 and 200?
100
What is the greatest common factor of 7 and 133?
7
What is the highest common divisor of 26 and 7618?
26
What is the highest common divisor of 41 and 14842?
41
Calculate the highest common divisor of 242 and 35816.
242
What is the highest common factor of 125 and 805?
5
What is the highest common factor of 2023 and 51?
17
What is the greatest common factor of 1905 and 30?
15
What is the highest common divisor of 15876 and 216?
108
What is the highest common divisor of 1210 and 8712?
242
What is the greatest common divisor of 14 and 20489?
7
What is the highest common factor of 336 and 72?
24
Calculate the greatest common divisor of 54 and 150.
6
Calculate the highest common divisor of 1376 and 2150.
86
Calculate the greatest common factor of 6 and 336.
6
Calculate the greatest common divisor of 84 and 3836.
28
What is the greatest common factor of 27 and 1485?
27
What is the highest common factor of 90 and 3195?
45
What is the greatest common factor of 140 and 350?
70
What is the greatest common factor of 26 and 1118?
26
What is the greatest common factor of 104 and 234?
26
What is the greatest common divisor of 4 and 8902?
2
What is the highest common factor of 1057 and 302?
151
Calculate the greatest common divisor of 270 and 80.
10
Calculate the highest common factor of 11439 and 465.
93
Calculate the highest common factor of 301 and 688.
43
What is the highest common divisor of 480 and 16?
16
What is the highest common factor of 280 and 14980?
140
What is the highest common factor of 259 and 111?
37
Calculate the greatest common factor of 24 and 2004.
12
What is the greatest common factor of 492 and 36?
12
Calculate the greatest common factor of 1414 and 7.
7
Calculate the highest common factor of 69 and 391.
23
Calculate the highest common divisor of 1430 and 260.
130
Calculate the greatest common divisor of 7326 and 132.
66
What is the greatest common factor of 876 and 12?
12
Calculate the highest common divisor of 145 and 667.
29
Calculate the greatest common factor of 2676 and 28.
4
Calculate the highest common divisor of 154 and 7.
7
Calculate the greatest common factor of 70 and 448.
14
What is the greatest common factor of 2674 and 14?
14
What is the highest common divisor of 78 and 12?
6
Calculate the highest common factor of 6800 and 12.
4
What is the greatest common factor of 308 and 56?
28
Calculate the highest common divisor of 399 and 3325.
133
Calculate the greatest common factor of 560 and 240.
80
What is the highest common divisor of 1344 and 128?
64
Calculate the highest common divisor of 403 and 217.
31
What is the highest common factor of 11 and 1969?
11
What is the highest common divisor of 52 and 2899?
13
Calculate the greatest common divisor of 90 and 9675.
45
What is the greatest common factor of 3886 and 134?
134
What is the highest common factor of 15 and 15365?
5
What is the greatest common factor of 261 and 493?
29
Calculate the highest common factor of 45 and 330.
15
Calculate the highest common factor of 80 and 4020.
20
What is the highest common divisor of 321 and 856?
107
What is the greatest common divisor of 20 and 9220?
20
Calculate the greatest common factor of 372 and 5766.
186
What is the highest common divisor of 228 and 1900?
76
Calculate the greatest common factor of 92 and 2300.
92
What is the greatest common factor of 17 and 187?
17
What is the greatest common divisor of 8283 and 66?
33
Calculate the greatest common divisor of 285 and 399.
57
Calculate the greatest common factor of 80 and 13840.
80
What is the highest common divisor of 52 and 1378?
26
What is the greatest common divisor of 49 and 14?
7
Calculate the highest common divisor of 31 and 248.
31
Calculate the highest common factor of 252 and 2106.
18
Calculate the highest common factor of 6 and 19878.
6
Calculate the highest common factor of 102 and 96.
6
What is the greatest common divisor of 603 and 67?
67
Calculate the highest common factor of 2 and 2448.
2
What is the highest common divisor of 1222 and 6?
2
Calculate the highest common factor of 14053 and 94.
47
What is the highest common factor of 15 and 85425?
15
What is the highest common divisor of 6230 and 56?
14
Calculate the greatest common factor of 179 and 17363.
179
What is the highest common divisor of 864 and 27?
27
What is the highest common factor of 217 and 93?
31
What is the highest common factor of 410 and 10?
10
Calculate the highest common divisor of 86 and 989.
43
Calculate the greatest common factor of 16 and 1296.
16
What is the highest common factor of 14378 and 182?
182
Calculate the highest common divisor of 25 and 10.
5
Calculate the greatest common factor of 23688 and 36.
36
Calculate the highest common divisor of 57 and 3.
3
Calculate the highest common divisor of 3038 and 196.
98
Calculate the greatest common factor of 570 and 30.
30
Calculate the highest common divisor of 38 and 228.
38
Calculate the highest common divisor of 228 and 12882.
114
What is the highest common factor of 56 and 70?
14
What is the greatest common factor of 27 and 153?
9
Calculate the highest common divisor of 81 and 1539.
81
What is the greatest common divisor of 256 and 1?
1
What is the highest common factor of 1826 and 286?
22
What is the greatest common divisor of 5 and 4130?
5
Calculate the highest common factor of 7359 and 33.
33
Calculate the greatest common divisor of 306 and 18.
18
What is the greatest common divisor of 189 and 63?
63
What is the highest common divisor of 27 and 72?
9
What is the highest common divisor of 33 and 528?
33
What is the highest common divisor of 375 and 250?
125
Wh